= y + -5. Calculate the remainder when v is divided by 4.
1
Suppose 4*j = 55 - 23. What is the remainder when 39 is divided by j?
7
Suppose 0 = 5*l + 3*y - 507, -5*l + 32 = 4*y - 479. Let b = -58 + l. Calculate the remainder when b is divided by 11.
8
Let s = -4 - -19. Suppose -3*h + 6*h = -24. Let u = h + s. What is the remainder when u is divided by 3?
1
Let k = 30 - -33. Suppose g + 91 = 4*o, 3*o - k = -0*o - g. Let m = o - 7. Calculate the remainder when 43 is divided by m.
13
Calculate the remainder when (96/40)/(2/65) is divided by 20.
18
Suppose 0 = 2*v - 4*v + 2*x + 46, 67 = 4*v + x. Calculate the remainder when v is divided by 7.
4
Suppose 0 = -11*r + 12*r. Suppose -2*o - 3 = 5, -t - o + 17 = r. What is the remainder when t is divided by 8?
5
Let b be 29/2*(2 + 2). Let c = -38 + b. What is the remainder when 59 is divided by c?
19
Let j(s) = s**2 - 3*s - 4*s**2 + 4 + 4*s**2. Calculate the remainder when ((-27)/12 + 0)*-12 is divided by j(5).
13
What is the remainder when 14 is divided by 2/(2/(-16)*-2)?
6
Suppose -22 = 3*q - 106. What is the remainder when q is divided by 5?
3
Suppose -5*d + 26 + 39 = 0. What is the remainder when 49 is divided by d?
10
Let g(s) = -s**3 - s**2 + 113. Suppose 5*o - 2*c - 145 = 0, 9*c = 4*c. What is the remainder when g(0) is divided by o?
26
Suppose z + 3*h - h + 50 = 0, h + 46 = -z. Calculate the remainder when 12/z - 774/(-14) is divided by 19.
17
Let s be 228/8 + 1/2. Let f = s + -17. What is the remainder when 23 is divided by f?
11
Let b be 6 + -2 + 2 + 0. Let k = -2 + b. Let g(u) = -u**2 + 6*u - 2. What is the remainder when 10 is divided by g(k)?
4
Let v be 66/9 + 3/(-9). Let c(q) = -q**3 + 7*q**2 + 5*q + 8. What is the remainder when c(v) is divided by 15?
13
Suppose 2*n = n + 9. Calculate the remainder when n is divided by 6.
3
Calculate the remainder when 26 is divided by ((-49)/21)/(1/(-3)).
5
Let u be (2/(-3))/(3/9). Let h(f) = 19*f**2 + f + 2. Calculate the remainder when h(-1) is divided by 7 + (2 - 0) + u.
6
Suppose 2*u - 84 + 246 = 0. Let i = u - -139. Suppose 0 = 2*s - 10, 4*z + 4*s = 2*s + i. Calculate the remainder when 23 is divided by z.
11
Suppose 375 = -0*r + 5*r. Suppose -4*x + 10 = x. Suppose -3*f + r = x*f. What is the remainder when 43 is divided by f?
13
Let q = 3 + 11. Calculate the remainder when q is divided by 8.
6
Suppose -4*f - 2*x + 666 = 0, -9*f + 5*f + 4*x = -660. Calculate the remainder when f is divided by 28.
26
Let x(o) = o**3 - 2*o**2 + 81. Calculate the remainder when x(0) is divided by (6 - 62)/(-1*2).
25
Suppose 5*a + 10 = 7*a. Calculate the remainder when 14 is divided by a.
4
Let y be 10/(-3)*(-96)/(-40). Calculate the remainder when 53 is divided by (28/y - -2)*-12.
17
Suppose -48 = -6*s + 2*s. Calculate the remainder when 59 is divided by s.
11
Let i(a) = a**2 + 7*a - 1. Let g be i(-9). Let b = 69 - g. Calculate the remainder when b is divided by 18.
16
Suppose d - 4*d - 6 = 3*r, 6 = -3*r - d. Calculate the remainder when 69 is divided by 4/8 - 27/r.
13
Let o(t) = -t**3 - 16*t**2 - 2*t - 24. Let v = -9 + 34. Suppose 4*n = -n + v. What is the remainder when o(-16) is divided by n?
3
Suppose -5*r = -3*r + 4*s + 100, -2*r = -3*s + 128. Let x = -30 - r. Calculate the remainder when x is divided by 10.
8
Suppose 3*d + 5*y = 7*d - 165, -110 = -3*d + y. Let o be (9/2)/((-6)/(-40)). Let b = -18 + o. Calculate the remainder when d is divided by b.
11
Suppose 0*u = -3*u + 15. Suppose w = 5*l - 140, -u*l - 2*w + 109 = -31. What is the remainder when l is divided by 10?
8
Suppose 0 = -2*q + q. Suppose q*n = -n. Suppose n = f + 3*t + t - 26, -f + 12 = -3*t. Calculate the remainder when f is divided by 10.
8
Calculate the remainder when 102 is divided by 302/14 + 48/(-84).
18
Calculate the remainder when -5 - 3336/(-52) - (-2)/(-13) is divided by 20.
19
Let j(g) = -g**3 + 6*g**2 + 2*g + 9. Let t be j(7). Suppose -2*y - 14 = -w, 4*w = 2*y + 49 + 37. What is the remainder when w is divided by t/(2 - (-8)/(-2))?
11
Let r be (110/(-15))/((-2)/(-15)). Let w = r + 93. Suppose 2*y = -7*c + 3*c + 42, 3*y - 59 = -5*c. What is the remainder when w is divided by y?
12
Let k(w) = -w**2 - 18*w - 5. Calculate the remainder when 106 is divided by k(-16).
25
Let b be 1 - (-1)/((-1)/(-11)). Let p be 4/(-3 - -2)*-1. Let a = b - p. Calculate the remainder when a is divided by 3.
2
Let b be 2/5 + (-574)/35. Suppose 2*k = -5*o - 51, -4*k - 6 - 30 = 4*o. Let i = o - b. What is the remainder when 8 is divided by i?
3
Let o = -43 - -66. Let p = -21 + 29. Calculate the remainder when o is divided by p.
7
Let w(z) = z**2 - 8*z + 22. What is the remainder when w(10) is divided by (-2 + 0)/(4/(-30))?
12
Suppose -4*q - 4 = -2*r, -r + 0*r + 3*q + 3 = 0. Suppose 4*j + j - 55 = r. What is the remainder when 31 is divided by j?
9
Let s = -55 - -72. Suppose -3*h = -5*h + 18. Calculate the remainder when s is divided by h.
8
Calculate the remainder when (-5 + 6)/(1/3) is divided by 2/2 + -1 + 2.
1
Let y(g) = 33*g**2. Let q be y(-1). Suppose l - 41 = -5*x, -2*l = 5*x + l - q. Let v(z) = 27*z**2 - z. Calculate the remainder when v(1) is divided by x.
8
Let y(d) = -d**3 - 10*d**2 - 12*d - 13. What is the remainder when y(-9) is divided by 4?
2
What is the remainder when 144 is divided by 2 + -5 - (-24)/1?
18
Calculate the remainder when -1 - (-4)/3 - (-1922)/93 is divided by 11.
10
Let w(a) = a**3 - 4*a**2 - 1. Let k be w(4). What is the remainder when (-5)/(k - (-60)/64) is divided by 27?
26
Let g = -18 + 30. Suppose -3*i + 16 = 5*o, 0 = 2*i + o - 4*o - 17. Suppose -i*h = -2*h - 175. Calculate the remainder when h is divided by g.
11
Let m(h) be the second derivative of -h**3/6 - 3*h**2/2 + h. Let k(i) = -i**2 + i - 6. Let v be k(0). Calculate the remainder when 3 is divided by m(v).
0
Suppose -13 = 20*a - 21*a. Calculate the remainder when 38 is divided by a.
12
Suppose -3*w - 2*h + 69 = -16, 4*w - 5*h = 121. Let m = -20 + w. Calculate the remainder when 16 is divided by m.
7
Let d(v) = -6*v**3 - v**2 + 4*v + 4. Let q be d(-2). Let u = -19 + q. What is the remainder when 40 is divided by u?
19
Let j(f) = f**3 - 15*f**2 - 7*f - 39. What is the remainder when j(16) is divided by 18?
15
Let q(f) = -f**3 + 15*f**2 + f + 9. Calculate the remainder when q(15) is divided by 13.
11
Let u = 47 + -23. Suppose -8*i = -4*i - u. Calculate the remainder when i is divided by 4.
2
Suppose -k = 4*m - 133, -2*m = -8*k + 3*k - 61. Let x be m/15 - 2/10. Suppose 6 = x*d - 6. What is the remainder when 16 is divided by d?
4
Let d(v) = -v**3 - 7*v**2 - 5*v - 15. What is the remainder when d(-8) is divided by 18?
17
Suppose 0 = -3*y + 12, 0*s + y - 175 = 3*s. Let v = s + 101. Suppose h = -h + v. Calculate the remainder when h is divided by 8.
6
Let q be 0 - (-5 - -2*1). Let b = q + 0. Suppose b = h + 2. What is the remainder when 2 is divided by h?
0
Let n(k) = k**2 + 4*k - 2. Suppose -h = 7 - 1. What is the remainder when 37 is divided by n(h)?
7
Let q(b) be the first derivative of b**4/4 - 5*b**3/3 - 3*b**2/2 - 1. Let s be (-12)/(-1)*(-2)/(-4). What is the remainder when 53 is divided by q(s)?
17
Let i(h) = -8*h + 7. Calculate the remainder when i(-4) is divided by 15*((-14)/(-6) + -1).
19
Suppose 0*z + 6*z = 174. Calculate the remainder when z is divided by 16.
13
Let l(j) = -j**3 - 6*j**2 - 7*j - 7. Let t be l(-5). Suppose 0*p = t*p - 6. Suppose p*a - 1 = 23. Calculate the remainder when a is divided by 7.
5
Suppose 4*z = -23 + 239. Let h = -33 + z. Calculate the remainder when 82 is divided by h.
19
Suppose 0 = 3*a + 3*a - 240. Calculate the remainder when a is divided by 11.
7
Let k be -2 + 2/1 + -2. Let l = k + 4. Suppose 0 = -3*f + 4*u - 10, -3*f + 3*u = 2 + 4. What is the remainder when l is divided by f?
0
Suppose 0 = t - 94 + 23. Calculate the remainder when t is divided by (-4 - (2 + -3))*-6.
17
Let s(b) = b**3 - 8*b**2 - 9*b - 2. Let c be s(9). Calculate the remainder when (2 + c - -2) + 39 is divided by 21.
20
Suppose 5*l + 0*l = 65. Let q = l - 8. Suppose 4*h - 3*w = 36, 2*h - 1 = -4*w - q. What is the remainder when h is divided by 3?
0
Let i be (0 - -1)/(4/8). Let m = -20 - -56. What is the remainder when m is divided by (i + -1)*1*19?
17
Let s = -18 - -26. Suppose 2*o - 113 = -3*t, o - 152 = -4*t - o. Wh